e the remainder when 1181277 is divided by 5321.
15
What is the remainder when 4160332 is divided by 1386715?
187
What is the remainder when 3237245 is divided by 7?
4
What is the remainder when 10231 is divided by 1397?
452
Calculate the remainder when 56738513 is divided by 2513.
2512
What is the remainder when 1315589 is divided by 2200?
2189
What is the remainder when 115986764 is divided by 4599?
4583
What is the remainder when 6198855 is divided by 2066281?
12
What is the remainder when 11172124 is divided by 538?
16
What is the remainder when 5368220 is divided by 1342019?
144
Calculate the remainder when 2856233 is divided by 1427940.
353
What is the remainder when 1675 is divided by 1648?
27
What is the remainder when 3498726 is divided by 14825?
26
Calculate the remainder when 17789 is divided by 1284.
1097
What is the remainder when 166962123 is divided by 55?
53
Calculate the remainder when 161620 is divided by 94.
34
What is the remainder when 1608078566 is divided by 9853?
9848
Calculate the remainder when 4501050 is divided by 93770.
90
What is the remainder when 21539929 is divided by 211?
205
Calculate the remainder when 8896048 is divided by 2844.
16
Calculate the remainder when 200350 is divided by 100144.
62
Calculate the remainder when 260786 is divided by 8926.
1932
Calculate the remainder when 92237 is divided by 7139.
6569
What is the remainder when 10189 is divided by 3286?
331
What is the remainder when 1543210 is divided by 42866?
34
Calculate the remainder when 504205 is divided by 252090.
25
Calculate the remainder when 4630483 is divided by 467.
178
Calculate the remainder when 85020281 is divided by 506073.
17
What is the remainder when 37578 is divided by 18490?
598
What is the remainder when 87989448 is divided by 426?
0
What is the remainder when 2345080 is divided by 91?
10
Calculate the remainder when 265287 is divided by 841.
372
What is the remainder when 22734 is divided by 2915?
2329
Calculate the remainder when 1521657 is divided by 140.
137
Calculate the remainder when 169605 is divided by 84208.
1189
What is the remainder when 597792 is divided by 2974?
18
Calculate the remainder when 2618479 is divided by 132.
127
What is the remainder when 8893346 is divided by 445?
21
Calculate the remainder when 303469 is divided by 33675.
394
What is the remainder when 226225 is divided by 18848?
49
What is the remainder when 1182627 is divided by 2372?
1371
What is the remainder when 157160426 is divided by 19645052?
10
What is the remainder when 579801 is divided by 546?
495
What is the remainder when 221697 is divided by 27707?
41
What is the remainder when 3989985 is divided by 268?
1
What is the remainder when 61617908 is divided by 910?
898
Calculate the remainder when 53855 is divided by 4328.
1919
Calculate the remainder when 2188187 is divided by 110.
67
Calculate the remainder when 15292008 is divided by 16443.
18
Calculate the remainder when 25725765 is divided by 2435.
2425
What is the remainder when 33325902 is divided by 285?
282
What is the remainder when 1992 is divided by 343?
277
What is the remainder when 509694 is divided by 29982?
0
Calculate the remainder when 210313 is divided by 5007.
19
What is the remainder when 186071 is divided by 92764?
543
What is the remainder when 24996 is divided by 1129?
158
What is the remainder when 785393 is divided by 87264?
17
What is the remainder when 746110 is divided by 810?
100
Calculate the remainder when 744191 is divided by 2716.
7
Calculate the remainder when 1034306 is divided by 676.
26
What is the remainder when 229375240 is divided by 6?
4
What is the remainder when 2553287 is divided by 24?
23
What is the remainder when 87917 is divided by 8641?
1507
What is the remainder when 1304 is divided by 1222?
82
What is the remainder when 925733 is divided by 94?
21
Calculate the remainder when 1061928 is divided by 353957.
57
Calculate the remainder when 2119344 is divided by 27171.
6
What is the remainder when 108560971 is divided by 15057?
1
Calculate the remainder when 5051538 is divided by 940.
918
What is the remainder when 166656 is divided by 83327?
2
What is the remainder when 147017 is divided by 110?
57
What is the remainder when 359148 is divided by 4469?
1628
Calculate the remainder when 39798 is divided by 69.
54
What is the remainder when 996197 is divided by 772?
317
What is the remainder when 30590123 is divided by 66356?
7
Calculate the remainder when 4040097 is divided by 214.
205
Calculate the remainder when 201131564 is divided by 100565779.
6
What is the remainder when 500481 is divided by 906?
369
What is the remainder when 74319 is divided by 1579?
106
Calculate the remainder when 18867 is divided by 1646.
761
What is the remainder when 29480150 is divided by 777?
770
Calculate the remainder when 168654142 is divided by 1043.
1042
Calculate the remainder when 4095307 is divided by 1308.
1267
Calculate the remainder when 71672 is divided by 4475.
72
Calculate the remainder when 127442 is divided by 2655.
2
Calculate the remainder when 7283677 is divided by 9660.
37
What is the remainder when 72896287 is divided by 5796?
5791
Calculate the remainder when 58582 is divided by 2935.
2817
Calculate the remainder when 2082671 is divided by 274.
271
What is the remainder when 9824255 is divided by 41?
40
What is the remainder when 46526 is divided by 10918?
2854
Calculate the remainder when 320270 is divided by 1196.
938
What is the remainder when 256390 is divided by 2671?
2645
What is the remainder when 26721401 is divided by 259431?
8
Calculate the remainder when 1077658 is divided by 266.
92
What is the remainder when 32778 is divided by 871?
551
Calculate the remainder when 6508258 is divided by 1730.
1728
Calculate the remainder when 25457805 is divided by 6364446.
21
What is the remainder when 284627 is divided by 2412?
11
What is the remainder when 8503 is divided by 836?
143
Calculate the remainder when 51851392 is divided by 169.
164
What is the remainder when 1230498 is divided by 535?
533
Calculate the remainder when 607013 is divided by 43.
25
What is the remainder when 241085 is divided by 5802?
3203
What is the remainder when 385142335 is divided by 96285583?
3
What is the remainder when 43691654 is divided by 2912776?
14
Calculate the remainder when 4237423 is divided by 211871.
3
What is the remainder when 161706 is divided by 714?
342
Calculate the remainder when 1060796 is divided by 4652.
140
What is the remainder when 574780 is divided by 824?
452
Calculate the remainder when 7555 is divided by 3600.
355
What is the remainder when 1065323 is divided by 1672?
259
What is the remainder when 2121550 is divided by 114?
10
What is the remainder when 90291 is divided by 189?
138
What is the remainder when 145516 is divided by 16022?
1318
What is the remainder when 28029447 is divided by 16?
7
What is the remainder when 2515468 is divided by 7219?
3256
What is the remainder when 3947057 is divided by 179408?
81
Calculate the remainder when 712833 is divided by 600.
33
Calculate the remainder when 112950106 is divided by 32.
26
What is the remainder when 1153484 is divided by 467?
461
What is the remainder when 107205 is divided by 107156?
49
What is the remainder when 1196279 is divided by 559?
19
What is the remainder when 20053 is divided by 736?
181
Calculate the remainder when 30018999 is divided by 1765823.
8
What is the remainder when 2425666 is divided by 2801?
0
What is the remainder when 25582 is divided by 25485?
97
Calculate the remainder when 1409640 is divided by 64041.
738
What is the remainder when 11580951 is divided by 24?
15
What is the remainder when 323718778 is divided by 32?
26
What is the remainder when 1011980 is divided by 4234?
54
What is the remainder when 26798 is divided by 58?
2
What is the remainder when 428803 is divided by 118?
109
Calculate the remainder when 444298 is divided by 300.
298
What is the remainder when 105041005 is divided by 101?
96
Calculate the remainder when 33423472 is divided by 1242.
10
What is the remainder when 55488 is divided by 1109?
38
What is the remainder when 173646 is divided by 111?
42
What is the remainder when 3329977 is divided by 665989?
32
What is t